 884797.
25
What is the remainder when 131073 is divided by 43316?
1125
What is the remainder when 117516495 is divided by 250?
245
Calculate the remainder when 230134 is divided by 4261.
40
What is the remainder when 646454 is divided by 416?
406
What is the remainder when 102114 is divided by 745?
49
What is the remainder when 5103643 is divided by 3938?
3933
Calculate the remainder when 5826278 is divided by 312.
302
Calculate the remainder when 185557 is divided by 37093.
92
Calculate the remainder when 167392 is divided by 222.
4
What is the remainder when 18525642 is divided by 369?
366
Calculate the remainder when 11339590 is divided by 239.
235
Calculate the remainder when 4712468 is divided by 51785.
33
What is the remainder when 3948403 is divided by 1316133?
4
Calculate the remainder when 3626191 is divided by 2704.
127
Calculate the remainder when 768380 is divided by 123.
122
Calculate the remainder when 5937042 is divided by 2968517.
8
Calculate the remainder when 2685564 is divided by 1252.
24
What is the remainder when 56564 is divided by 2826?
44
What is the remainder when 143956678 is divided by 14?
12
Calculate the remainder when 2230021 is divided by 99.
46
Calculate the remainder when 9556 is divided by 30.
16
What is the remainder when 54669 is divided by 52263?
2406
Calculate the remainder when 279227 is divided by 518.
25
Calculate the remainder when 2964 is divided by 2363.
601
What is the remainder when 19953776 is divided by 2468?
2464
Calculate the remainder when 381213 is divided by 2823.
108
Calculate the remainder when 63813 is divided by 7953.
189
Calculate the remainder when 118280395 is divided by 39426798.
1
What is the remainder when 24026077 is divided by 65?
62
Calculate the remainder when 311829811 is divided by 327.
322
What is the remainder when 1193691 is divided by 85263?
9
What is the remainder when 904926 is divided by 1493?
168
Calculate the remainder when 48202 is divided by 87.
4
Calculate the remainder when 70902340 is divided by 1880.
20
Calculate the remainder when 25751520 is divided by 209.
3
What is the remainder when 18295879 is divided by 795473?
0
What is the remainder when 487903 is divided by 243885?
133
Calculate the remainder when 472666 is divided by 555.
361
What is the remainder when 542281 is divided by 49271?
300
What is the remainder when 34219315 is divided by 1057?
1054
What is the remainder when 11529229 is divided by 2812?
29
What is the remainder when 24121844 is divided by 608?
52
What is the remainder when 7044123 is divided by 1456?
1451
Calculate the remainder when 17033862 is divided by 774266.
10
What is the remainder when 3986313 is divided by 4797?
6
Calculate the remainder when 6273342 is divided by 1216.
1214
What is the remainder when 1101689 is divided by 5296?
121
What is the remainder when 333148 is divided by 148?
0
Calculate the remainder when 357163373 is divided by 3512.
3509
Calculate the remainder when 31996 is divided by 1696.
1468
Calculate the remainder when 456141 is divided by 10.
1
What is the remainder when 24426054 is divided by 264?
246
Calculate the remainder when 22004280 is divided by 68549.
51
What is the remainder when 2672788 is divided by 32?
20
Calculate the remainder when 443658 is divided by 3728.
26
Calculate the remainder when 878406 is divided by 3218.
3110
What is the remainder when 3621281 is divided by 14?
13
Calculate the remainder when 3789056 is divided by 46.
36
What is the remainder when 6902190 is divided by 52289?
42
Calculate the remainder when 103181 is divided by 34391.
8
Calculate the remainder when 656509 is divided by 766.
47
Calculate the remainder when 6157657 is divided by 12775.
107
What is the remainder when 29582671 is divided by 16?
15
Calculate the remainder when 27261 is divided by 1739.
1176
Calculate the remainder when 963363 is divided by 53520.
3
What is the remainder when 8493314 is divided by 388?
382
What is the remainder when 44293 is divided by 11069?
17
Calculate the remainder when 12986934 is divided by 2906.
20
Calculate the remainder when 130559 is divided by 4401.
2930
Calculate the remainder when 12554156 is divided by 120.
116
Calculate the remainder when 1088731 is divided by 661.
64
Calculate the remainder when 2554340 is divided by 94600.
140
What is the remainder when 627297 is divided by 57024?
33
What is the remainder when 1019458 is divided by 72786?
454
What is the remainder when 246120928 is divided by 207?
205
Calculate the remainder when 15813380 is divided by 4033.
4020
What is the remainder when 47244 is divided by 6587?
1135
Calculate the remainder when 2389218 is divided by 115.
93
Calculate the remainder when 9386048 is divided by 7.
0
Calculate the remainder when 130638 is divided by 18656.
46
Calculate the remainder when 36326707 is divided by 251.
230
What is the remainder when 124106886 is divided by 1169?
1
What is the remainder when 9392269 is divided by 49?
47
Calculate the remainder when 46915 is divided by 1192.
427
What is the remainder when 38522 is divided by 11311?
4589
What is the remainder when 40736471 is divided by 157?
152
Calculate the remainder when 3023199 is divided by 1511342.
515
What is the remainder when 12779 is divided by 2117?
77
Calculate the remainder when 1169781 is divided by 12847.
704
What is the remainder when 1775808 is divided by 98633?
414
Calculate the remainder when 94590 is divided by 18900.
90
Calculate the remainder when 235700 is divided by 117701.
298
What is the remainder when 92246169 is divided by 3898?
3897
What is the remainder when 7052883 is divided by 16954?
19
Calculate the remainder when 5258196 is divided by 59.
57
Calculate the remainder when 5090 is divided by 872.
730
What is the remainder when 12969 is divided by 1238?
589
Calculate the remainder when 720981 is divided by 4.
1
What is the remainder when 306188519 is divided by 25?
19
Calculate the remainder when 34646918 is divided by 269.
256
Calculate the remainder when 5144891 is divided by 146.
143
What is the remainder when 64306 is divided by 2765?
711
What is the remainder when 2613016 is divided by 1806?
1540
Calculate the remainder when 9338789 is divided by 831.
11
What is the remainder when 2684681 is divided by 1342199?
283
What is the remainder when 68021 is divided by 3567?
248
Calculate the remainder when 8669995 is divided by 52.
35
Calculate the remainder when 42512232 is divided by 39.
9
Calculate the remainder when 221363731 is divided by 132.
127
Calculate the remainder when 1147824 is divided by 573014.
1796
Calculate the remainder when 2257471 is divided by 23.
21
Calculate the remainder when 2821839 is divided by 106.
13
What is the remainder when 1104 is divided by 344?
72
What is the remainder when 2313447 is divided by 382?
55
What is the remainder when 105769 is divided by 5874?
37
Calculate the remainder when 1979504 is divided by 271.
120
Calculate the remainder when 485539 is divided by 186.
79
What is the remainder when 1832169 is divided by 1832130?
39
What is the remainder when 4446445 is divided by 1111503?
433
What is the remainder when 426229 is divided by 10391?
198
Calculate the remainder when 2851498 is divided by 10369.
23
Calculate the remainder when 23063894 is divided by 6.
2
Calculate the remainder when 417878974 is divided by 1398.
1396
Calculate the remainder when 9596616 is divided by 36910.
16
Calculate the remainder when 185731255 is divided by 52.
47
What is the remainder when 3613365 is divided by 2043?
1341
What is the remainder when 56629408 is divided by 1374?
1372
Calculate the remainder when 1213767 is divided by 553.
485
Calculate the remainder when 2071119 is divided by 2411.
70
What is the remainder when 4120207 is divided by 101?
13
What is the remainder when 14789658 is divided by 1789?
1784
What is the remainder when 435652 is divided by 48350?
502
Calculate the remainder when 634 is divided by 627.
7
Calculate the remainder when 1222182 is divided by 170.
52
Calculate the remainder when 30220038 is divided by 15110016.
6
Calculate the remainder when 1614049 is divided by 19214.
73
Calculate the remainder when 325324679 is divided by 22.
9
What is the remainder when 29690808 is divided by 929?
897
Wh